 14) to base 7.
-41465
What is 26a (base 14) in base 5?
3421
-44515 (base 8) to base 13
-8706
-30a (base 13) to base 14
-28d
What is -ab4 (base 15) in base 16?
-973
Convert -d2c (base 14) to base 3.
-10112212
2022110 (base 3) to base 8
3226
What is -260 (base 15) in base 2?
-1000011100
Convert -16ea (base 15) to base 4.
-1031101
What is -47a (base 16) in base 5?
-14041
What is 435451 (base 6) in base 7?
210451
What is -5c (base 16) in base 11?
-84
What is -1230313 (base 5) in base 3?
-1012200201
What is 3053 (base 7) in base 5?
13232
Convert 426 (base 8) to base 11.
233
-10499 (base 11) to base 5
-441413
What is 3308 (base 9) in base 5?
34223
Convert -124125 (base 7) to base 14.
-8585
What is -653 (base 7) in base 5?
-2312
Convert -b2 (base 15) to base 6.
-435
Convert -7068 (base 13) to base 14.
-58c9
2223000 (base 4) to base 11
824a
Convert -414 (base 7) to base 12.
-153
What is 1e85 (base 15) in base 8?
14772
Convert 11332312 (base 4) to base 6.
305234
What is 973 (base 11) in base 12?
815
Convert -7927 (base 10) to base 12.
-4707
Convert 21200020 (base 3) to base 15.
19d0
-1c3c (base 14) to base 3
-21001202
Convert a45 (base 15) to base 11.
1815
What is 112131 (base 4) in base 7?
4122
What is -102110 (base 5) in base 10?
-3405
What is 2144 (base 5) in base 3?
102002
Convert -1244301 (base 5) to base 15.
-75d6
What is -101110001 (base 2) in base 5?
-2434
What is -321 (base 12) in base 8?
-711
What is -5704 (base 14) in base 4?
-3223320
What is 1142 (base 9) in base 16?
350
What is c20c (base 15) in base 10?
40962
Convert 1436 (base 8) to base 13.
495
-a2c (base 14) to base 15
-8d5
What is 120120 (base 3) in base 5?
3140
Convert -1000022 (base 4) to base 5.
-112411
What is -14b (base 15) in base 9?
-358
-200021111 (base 3) to base 16
-340c
Convert ee9 (base 16) to base 9.
5211
Convert -1515 (base 7) to base 2.
-1001011000
-3825 (base 10) to base 9
-5220
Convert -131 (base 12) to base 7.
-346
-110011100010010 (base 2) to base 16
-6712
What is 1311030 (base 5) in base 15?
797a
3ca (base 15) to base 4
31201
Convert 2d3b (base 14) to base 11.
6094
-30076 (base 8) to base 12
-7192
f7a (base 16) to base 6
30202
What is -202213 (base 4) in base 15?
-9ca
What is -6498 (base 12) in base 14?
-4060
What is -1315 (base 16) in base 10?
-4885
What is 2806 (base 12) in base 14?
1978
What is 6a (base 12) in base 7?
145
-9d0 (base 15) to base 4
-202230
-32301 (base 5) to base 12
-1335
Convert -3417 (base 14) to base 16.
-234d
Convert b087 (base 12) to base 7.
106501
Convert -162c (base 15) to base 13.
-2229
-dda (base 16) to base 9
-4770
Convert -5490 (base 10) to base 4.
-1111302
-98a (base 13) to base 6
-11323
What is 41ca (base 15) in base 16?
365b
What is 3444 (base 8) in base 13?
aa8
What is -100111010101101 (base 2) in base 7?
-112502
8a82 (base 11) to base 15
3818
Convert -43a7 (base 11) to base 7.
-22631
-213535 (base 6) to base 13
-8096
What is 2123230 (base 4) in base 12?
5924
-44d (base 15) to base 10
-973
What is -3312 (base 4) in base 8?
-366
What is 2c5 (base 16) in base 9?
867
What is 1000200 (base 3) in base 8?
1353
Convert -271 (base 9) to base 6.
-1014
Convert 39 (base 14) to base 12.
43
Convert 4947 (base 16) to base 3.
221201210
-1000011101010 (base 2) to base 3
-12221101
What is -737 (base 9) in base 6?
-2441
Convert 72530 (base 10) to base 7.
421313
Convert 1697 (base 16) to base 14.
2171
What is 12175 (base 8) in base 16?
147d
What is 1002220012 (base 3) in base 5?
1144134
Convert 102033 (base 5) to base 3.
11122200
What is 111112 (base 3) in base 9?
445
873 (base 15) to base 6
12500
-101110101100 (base 2) to base 9
-4080
Convert 13220 (base 4) to base 7.
1265
What is -14514 (base 10) in base 16?
-38b2
1475 (base 8) to base 10
829
Convert -294 (base 13) to base 2.
-111001011
Convert -c8e (base 15) to base 10.
-2834
What is -12231 (base 5) in base 4?
-32231
-12c (base 14) to base 16
-ec
Convert 533 (base 11) to base 12.
455
What is -3869 (base 12) in base 16?
-1911
Convert b39 (base 16) to base 10.
2873
d0c (base 14) to base 13
121c
-844 (base 10) to base 15
-3b4
Convert 48a (base 12) to base 8.
1252
361 (base 9) to base 2
100101010
What is 529b (base 12) in base 15?
2a32
Convert -81 (base 10) to base 3.
-10000
What is -76 (base 9) in base 6?
-153
667 (base 8) to base 11
36a
Convert -21121 (base 6) to base 14.
-1081
What is 1011001010111101 (base 2) in base 14?
12965
What is -8790 (base 12) in base 10?
-14940
225a (base 16) to base 15
2914
3613 (base 13) to base 6
55141
-26e (base 16) to base 15
-2b7
Convert 5c49 (base 14) to base 10.
16137
What is 977a (base 11) in base 10?
12913
What is 1594 (base 10) in base 2?
11000111010
Convert -11211212 (base 3) to base 4.
-313031
191 (base 16) to base 12
295
-1403 (base 8) to base 6
-3323
Convert -1377 (base 8) to base 3.
-1001102
510 (base 13) to base 16
35a
What is -3300 (base 6) in base 5?
-11011
1661 (base 7) to base 14
368
What is -25043 (base 6) in base 10?
-3699
Convert 33105 (base 7) to base 6.
102210
What is a67 (base 11) in base 16?
503
Convert -111011110 (base 2) to base 3.
-122201
Convert 1353 (base 7) to base 2.
1000010000
Convert -1010100010 (base 2) to base 7.
-1652
What is 231005 (base 6) in base 7?
111215
What is a54c (base 15) in base 6?
425443
2ca3 (base 15) to base 12
5683
Convert -201211101 (base 3) to base 13.
-676c
1011000001 (base 2) to base 9
863
What is 1110100100100100 (base 2) in base 11?
40929
177 (base 15) to base 11
287
10100000001110000 (base 2) to base 3
11011112020
500 (base 8) to base 13
1b8
What is 10011011 (base 2) in base 13?
bc
Convert 2ad (base 16) to base 13.
409
Convert -101010111 (base 2) to base 15.
-17d
What is 1011101 (base 3) in base 7?
2320
Convert 63b (base 15) to base 9.
1832
What is -105a (base 14) in base 12?
-1774
What is -16065 (base 8) in base 2?
-1110000110101
24518 (base 9) to base 10
16460
-228 (base 14) to base 11
-35a
13a (base 12) to base 5
1230
What is 1d2 (base 14) in base 10?
380
What is -3101313 (base 4) in base 13?
-6162
What is -dce (base 16) in base 7?
-13206
4102 (base 6) to base 5
12102
-201002201 (base 3) to base 9
-21081
Convert 11650 (base 9) to base 2.
1111010001101
What is 3043 (base 10) in base 4?
233203
What is 529 (base 12) in base 14?
3bb
What is -170 (base 12) in base 5?
-1403
What is -710 (base 11) in base 6?
-3550
-14767 (base 11) to base 12
-10105
Convert -7263 (base 15) to base 16.
-5e68
110202 (base 3) to base 16
158
Convert -12e2 (base 16) to base 4.
-1023202
6358 (base 14) to base 16
42ea
14bc (base 13) to base 6
22004
What is -14d7 (base 14) in base 12?
-2199
Convert 101010101001 (base 2) to base 16.
aa9
Convert -862a (base 16) to base 14.
-c734
Convert a1 (base 11) to base 13.
87
Convert -da72 (base 14) to base 3.
-1220202111
Convert -434 (base 8) to base 9.
-345
What is -444 (base 9) in base 8?
-554
15601 (base 10) to base 9
23354
What is 1010011011 (base 2) in base 10?
667
Convert -205 (base 16) to base 11.
-430
-100110110110 (base 2) to base 3
-10102002
-1010100111 (base 2) to base 13
-403
24f0 (base 16) to base 10
9456
What is f44 (base 16) in base 5?
111113
Convert 3b4 (base 12) to base 8.
1070
What is -20335 (base 6) in base 13?
-1316
Convert 12012300 (base 4) to base 12.
12580
What is 101111010 (base 2) in base 5?
3003
What is 23464 (base 7) in base 9?
8287
-3bc1 (base 16) to base 13
-6c69
112421 (base 5) to base 11
30a8
-954 (base 11) to base 10
-1148
-5337 (base 11) to base 4
-1232102
What is -113020 (base 6) in base 15?
-2d3c
What is -730 (base 8) in base 3?
-122111
-21116 (base 10) to base 7
-115364
b97 (base 13) to base 12
1193
What is 23a7c (base 14) in base 3?
11102112012
Convert 33da (base 15) to base 6.
122541
Convert -33384 (base 9) to base 8.
-53255
Convert -114105 (base 8) to base 12.
-1a685
Convert -13de (base 16) to base 14.
-1bd4
Convert 141 (base 11) to base 6.
434
What is 3a68 (base 13) in base 12?
4a13
-241 (base 11) to base 12
-1bb
46862 (base 10) to base 16
b70e
-3782 (base 10) to base 11
-2929
100310 (base 4) to base 7
3065
Convert -48f3 (base 16) to base 13.
-8667
What is -ed6e (base 15) in base 4?
-30101213
What is 132 (base 11) in base 4?
2130
What is -1359 (base 14) in base 11?
-2621
What is -101200 (base 3) in base 4?
-10200
Convert -67643 (base 8) to base 2.
-11011111010